{"id":13,"date":"2011-04-28T19:44:35","date_gmt":"2011-04-28T19:44:35","guid":{"rendered":"http:\/\/www.sg-wiedau.de\/wordpress\/?page_id=13"},"modified":"2019-08-30T12:31:01","modified_gmt":"2019-08-30T11:31:01","slug":"uber-uns","status":"publish","type":"page","link":"https:\/\/www.sg-wiedau.de\/?page_id=13","title":{"rendered":"\u00dcber uns"},"content":{"rendered":"<p>Wir haben zurzeit rund 26 aktive Spieler, die in 5 Teams um Punkte und Pokale k\u00e4mpfen. Beim Nieders\u00e4chsischen Tischtennisverband sind wir gemeldet als \u201cSG Wiedau\u201d. Wir\u00a0 spielen seit August 1996 in der wundersch\u00f6nen Wiedau-Sporthalle in Bothel. Ein gro\u00dfer Dank geht an dieser Stelle an die Samtgemeinde Bothel, die uns den Spielbetrieb dort erm\u00f6glicht. M\u00f6ge die gute Zusammenarbeit auch weiterhin anhalten!<\/p>\n<div id=\"attachment_17\" style=\"width: 510px\" class=\"wp-caption alignnone\"><img loading=\"lazy\" decoding=\"async\" aria-describedby=\"caption-attachment-17\" class=\"size-full wp-image-17\" src=\"http:\/\/www.sg-wiedau.de\/wp-content\/uploads\/Sporthalle.jpg\" alt=\"\" width=\"500\" height=\"375\" srcset=\"https:\/\/www.sg-wiedau.de\/wp-content\/uploads\/Sporthalle.jpg 500w, https:\/\/www.sg-wiedau.de\/wp-content\/uploads\/Sporthalle-300x225.jpg 300w\" sizes=\"auto, (max-width: 500px) 100vw, 500px\" \/><p id=\"caption-attachment-17\" class=\"wp-caption-text\">Adresse: Schulstra\u00dfe 25, 27386 Bothel<\/p><\/div>\n<div id=\"attachment_977\" style=\"width: 510px\" class=\"wp-caption alignleft\"><img loading=\"lazy\" decoding=\"async\" aria-describedby=\"caption-attachment-977\" class=\"size-full wp-image-977\" title=\"\" src=\"http:\/\/www.sg-wiedau.de\/wp-content\/uploads\/url.jpg\" alt=\"\" width=\"500\" height=\"331\" srcset=\"https:\/\/www.sg-wiedau.de\/wp-content\/uploads\/url.jpg 500w, https:\/\/www.sg-wiedau.de\/wp-content\/uploads\/url-300x198.jpg 300w\" sizes=\"auto, (max-width: 500px) 100vw, 500px\" \/><p id=\"caption-attachment-977\" class=\"wp-caption-text\">2009 wurde das neue TuS-Zentrum eingeweiht. Hier kann man sich nach dem Sport gem\u00fctlich zusammensetzen.<\/p><\/div>\n","protected":false},"excerpt":{"rendered":"<p>Wir haben zurzeit rund 26 aktive Spieler, die in 5 Teams um Punkte und Pokale k\u00e4mpfen. Beim Nieders\u00e4chsischen Tischtennisverband sind wir gemeldet als \u201cSG Wiedau\u201d. Wir\u00a0 spielen seit August 1996 in der wundersch\u00f6nen Wiedau-Sporthalle in Bothel. Ein gro\u00dfer Dank geht an dieser Stelle an die Samtgemeinde Bothel, die uns den Spielbetrieb dort erm\u00f6glicht. M\u00f6ge die gute Zusammenarbeit auch weiterhin anhalten! Adresse: Schulstra\u00dfe 25, 27386 Bothel 2009 wurde das neue TuS-Zentrum eingeweiht. Hier kann man sich nach dem Sport gem\u00fctlich zusammensetzen.<\/p>\n","protected":false},"author":2,"featured_media":0,"parent":0,"menu_order":0,"comment_status":"closed","ping_status":"closed","template":"","meta":{"ngg_post_thumbnail":0,"footnotes":""},"class_list":["post-13","page","type-page","status-publish","hentry"],"_links":{"self":[{"href":"https:\/\/www.sg-wiedau.de\/index.php?rest_route=\/wp\/v2\/pages\/13","targetHints":{"allow":["GET"]}}],"collection":[{"href":"https:\/\/www.sg-wiedau.de\/index.php?rest_route=\/wp\/v2\/pages"}],"about":[{"href":"https:\/\/www.sg-wiedau.de\/index.php?rest_route=\/wp\/v2\/types\/page"}],"author":[{"embeddable":true,"href":"https:\/\/www.sg-wiedau.de\/index.php?rest_route=\/wp\/v2\/users\/2"}],"replies":[{"embeddable":true,"href":"https:\/\/www.sg-wiedau.de\/index.php?rest_route=%2Fwp%2Fv2%2Fcomments&post=13"}],"version-history":[{"count":32,"href":"https:\/\/www.sg-wiedau.de\/index.php?rest_route=\/wp\/v2\/pages\/13\/revisions"}],"predecessor-version":[{"id":7768,"href":"https:\/\/www.sg-wiedau.de\/index.php?rest_route=\/wp\/v2\/pages\/13\/revisions\/7768"}],"wp:attachment":[{"href":"https:\/\/www.sg-wiedau.de\/index.php?rest_route=%2Fwp%2Fv2%2Fmedia&parent=13"}],"curies":[{"name":"wp","href":"https:\/\/api.w.org\/{rel}","templated":true}]}}